{"id":7,"date":"2013-03-20T13:54:07","date_gmt":"2013-03-20T12:54:07","guid":{"rendered":"http:\/\/ilotdelacotedor.vilainsvoisins.fr\/?page_id=7"},"modified":"2026-03-28T10:41:32","modified_gmt":"2026-03-28T09:41:32","slug":"a-propos","status":"publish","type":"page","link":"https:\/\/www.ilotdelacotedor.fr\/?page_id=7","title":{"rendered":"A propos"},"content":{"rendered":"<p style=\"text-align: justify;\">L&rsquo;association <em>\u00celot de la C\u00f4te d&rsquo;Or<\/em> est n\u00e9e de l&rsquo;initiative de trois voisines Nantaises (Catherine, Pascale et Odile) interpell\u00e9es par un projet immobilier dont les impacts sur le voisinage sont d\u00e9lib\u00e9r\u00e9ment sous-estim\u00e9s par les diff\u00e9rents acteurs. Elles ont rapidement \u00e9t\u00e9 rejointes par plusieurs habitants du quartier.<\/p>\n<p style=\"text-align: justify;\">L&rsquo;objectif premier de l&rsquo;association est donc de veiller au maintien de la qualit\u00e9 du cadre de vie des habitants de l&rsquo;\u00celot de la C\u00f4te d&rsquo;Or. Elle s&rsquo;inspire de l&rsquo;exemple d&rsquo;associations de m\u00eame type dans divers quartiers de l&rsquo;agglom\u00e9ration Nantaise.<\/p>\n<p style=\"text-align: justify;\">L&rsquo;exercice de l&rsquo;association se limite au p\u00e9rim\u00e8tre g\u00e9ographique suivant : la portion du boulevard des Tribunes comprise entre le chemin Joseph Pierre et la rue de l&rsquo;Hippodrome avec \u00e0 l&rsquo;int\u00e9rieur les rue et impasse de la C\u00f4te d&rsquo;Or, la rue Geoffroy, l&rsquo;impasse du Menuet, l&rsquo;avenue du Sapin, l&rsquo;avenue de la Citerne, la rue des Reinettes, l&rsquo;avenue de la P\u00e9pini\u00e8re et l&rsquo;avenue Charles Caill\u00e9.<\/p>\n<p><iframe loading=\"lazy\" src=\"https:\/\/maps.google.fr\/maps\/ms?t=h&amp;msa=0&amp;msid=214136855170656014647.0004d883806f42f6cfd01&amp;ie=UTF8&amp;ll=47.245518,-1.567698&amp;spn=0.005098,0.013411&amp;z=16&amp;output=embed\" width=\"625\" height=\"350\" frameborder=\"0\" marginwidth=\"0\" marginheight=\"0\" scrolling=\"no\"><\/iframe><small>Afficher l&rsquo;<a style=\"color: #0000ff; text-align: left;\" href=\"https:\/\/maps.google.fr\/maps\/ms?t=h&amp;msa=0&amp;msid=214136855170656014647.0004d883806f42f6cfd01&amp;ie=UTF8&amp;ll=47.245518,-1.567698&amp;spn=0.005098,0.013411&amp;z=16&amp;source=embed\">Il\u00f4t de la C\u00f4te d&rsquo;Or<\/a> sur une carte plus grande<\/small><\/p>\n<p style=\"text-align: justify;\">L&rsquo;association s&rsquo;attache notamment \u00e0 ce que les d\u00e9cisions prises en mati\u00e8re d&rsquo;urbanisme pr\u00e9servent l&rsquo;environnement urbain et l&rsquo;harmonie du quartier. Cela inclut de porter un int\u00e9r\u00eat aux difficult\u00e9s induites (probl\u00e8mes r\u00e9currents de stationnement insuffisant, de plan de circulation, de gestion du ramassage d&rsquo;ordures ou autre&#8230;).<\/p>\n<p style=\"text-align: justify;\">L&rsquo;association a aussi pour but de favoriser l&rsquo;organisation d&rsquo;animations pour faire connaissance et cr\u00e9er du lien (grand pique-nique pour le printemps des voisins par exemple) et compte sur vos brillantes id\u00e9es pour y contribuer.<\/p>\n<p>Les principaux contacts du bureau :<\/p>\n<p><span style=\"font-weight: 400;\">Nicolas HERREYRE (pr\u00e9sident)<br \/>\nDanielle KITCHINGMAN-ROY (vice-pr\u00e9sidente)<br \/>\nJulia BOUCAULT (tr\u00e9sori\u00e8re)<br \/>\nClaudine M\u00e9nard (secr\u00e9taire)<br \/>\nB\u00e9atrice NOURRY (responsable comm et Tr\u00e9soriere Interim)<br \/>\nMuriel DUSSAUX-GENTY<br \/>\nLiliane DIARD<br \/>\nHerv\u00e9 BRIARD<\/p>\n<p><\/span><\/p>\n","protected":false},"excerpt":{"rendered":"<p>L&rsquo;association \u00celot de la C\u00f4te d&rsquo;Or est n\u00e9e de l&rsquo;initiative de trois voisines Nantaises (Catherine, Pascale et Odile) interpell\u00e9es par un projet immobilier dont les impacts sur le voisinage sont d\u00e9lib\u00e9r\u00e9ment sous-estim\u00e9s par les diff\u00e9rents acteurs. Elles ont rapidement \u00e9t\u00e9 &hellip; <a href=\"https:\/\/www.ilotdelacotedor.fr\/?page_id=7\">Continuer la lecture <span class=\"meta-nav\">&rarr;<\/span><\/a><\/p>\n","protected":false},"author":1,"featured_media":0,"parent":0,"menu_order":4,"comment_status":"closed","ping_status":"closed","template":"","meta":{"_exactmetrics_skip_tracking":false,"_exactmetrics_sitenote_active":false,"_exactmetrics_sitenote_note":"","_exactmetrics_sitenote_category":0,"footnotes":""},"class_list":["post-7","page","type-page","status-publish","hentry"],"post_mailing_queue_ids":[],"_links":{"self":[{"href":"https:\/\/www.ilotdelacotedor.fr\/index.php?rest_route=\/wp\/v2\/pages\/7","targetHints":{"allow":["GET"]}}],"collection":[{"href":"https:\/\/www.ilotdelacotedor.fr\/index.php?rest_route=\/wp\/v2\/pages"}],"about":[{"href":"https:\/\/www.ilotdelacotedor.fr\/index.php?rest_route=\/wp\/v2\/types\/page"}],"author":[{"embeddable":true,"href":"https:\/\/www.ilotdelacotedor.fr\/index.php?rest_route=\/wp\/v2\/users\/1"}],"replies":[{"embeddable":true,"href":"https:\/\/www.ilotdelacotedor.fr\/index.php?rest_route=%2Fwp%2Fv2%2Fcomments&post=7"}],"version-history":[{"count":35,"href":"https:\/\/www.ilotdelacotedor.fr\/index.php?rest_route=\/wp\/v2\/pages\/7\/revisions"}],"predecessor-version":[{"id":1637,"href":"https:\/\/www.ilotdelacotedor.fr\/index.php?rest_route=\/wp\/v2\/pages\/7\/revisions\/1637"}],"wp:attachment":[{"href":"https:\/\/www.ilotdelacotedor.fr\/index.php?rest_route=%2Fwp%2Fv2%2Fmedia&parent=7"}],"curies":[{"name":"wp","href":"https:\/\/api.w.org\/{rel}","templated":true}]}}